tor of f and a.
2
Suppose 2*q - 26 = 2*k, -5*k = -3 - 2. Suppose 9 = -g + q. What is the highest common factor of 2 and g?
1
Let a = 41 - 39. Suppose -4*h - a*r = -226, 0 = -3*h - 3*r - r + 177. What is the greatest common divisor of h and 11?
11
Suppose h = 5*l - 3056, 4*l + l + 5*h - 3080 = 0. Suppose -5*o - 177 + l = 0. What is the highest common divisor of 58 and o?
29
Let b = -92 + 164. Let l(m) = m**3 - 9*m**2 - m + 6. Let j be l(9). Let h be (j - 0)*-2 + (-1 - -3). What is the greatest common divisor of b and h?
8
Suppose 0 = j - 3*i - 11 + 3, -5*i - 28 = -3*j. Let n = j + -7. Let x = n + 2. Calculate the highest common divisor of 48 and x.
6
Let u(h) = -h**3 + 12*h**2 - 17*h + 16. Let a be u(8). Calculate the highest common divisor of 1156 and a.
68
Let m = 12 - 16. Let h be 0 + 188 + 0 - m. What is the highest common factor of h and 24?
24
Let z(v) = 16*v**2 + 142*v - 15. Let x be z(-9). What is the highest common divisor of x and 1587?
3
Suppose j = 3*j. Suppose -2*k + 57 = -j*w + 5*w, -k + 3*w + 1 = 0. Let z = -53 + 93. What is the highest common divisor of k and z?
8
Let o = 571 - 318. Calculate the highest common factor of o and 23.
23
Suppose 39*y - 79 - 38 = 0. Let a = 5 - -4. What is the highest common divisor of a and y?
3
Suppose 0 = h - 122 + 116. Let a(k) = 2*k - 2. Let w be a(4). Calculate the highest common divisor of w and h.
6
Let d(m) = 28*m - 8. Let n be d(-3). Let o = n + 132. What is the highest common factor of o and 10?
10
Let i be (-11)/3 + 3 + (-8194)/(-6). What is the highest common divisor of i and 105?
105
Let s(u) = -2*u**3 + 2*u**2 - 3*u + 2. Let t be s(2). Let m = -15 - -17. Let c be m*(t/(-8) + -1). Calculate the highest common factor of c and 8.
1
Suppose 5*s + 5*g + 3 - 568 = 0, -3*g + 567 = 5*s. Calculate the highest common factor of 12 and s.
6
Let w(l) = -l**2 - l. Let a(v) = 5*v**2 + 7*v + 440. Let q(t) = a(t) + 4*w(t). Let y be q(0). Calculate the greatest common divisor of y and 40.
40
Let s(t) = 9*t - 4. Let o be s(6). Let z = o + -19. Suppose -2*i - 3*j = -z, 0*i + 4*j = -4*i + 72. Calculate the greatest common divisor of i and 46.
23
Let p = 2136 + -1699. Calculate the highest common divisor of 38 and p.
19
Let q = -46 - -51. Suppose -q*h = -10*h + 140. What is the greatest common divisor of 28 and h?
28
Let a be (-1)/2*(-3 + (-1 - -30)). Let c = 17 - a. Calculate the greatest common factor of c and 12.
6
Let d(t) = t**3 + 7*t**2 - 10*t. Let g be d(-6). Suppose 3*z - 42 = 30. What is the highest common divisor of g and z?
24
Let y = 147 + -37. Let r = y + -88. Calculate the highest common factor of 55 and r.
11
Let a(l) = l**3 - l**2 - 4*l + 10. Let v be a(4). Suppose v*h + 16 = 46*h. Calculate the greatest common factor of h and 16.
4
Suppose 0 = -28*c + 1563 + 397. Calculate the highest common divisor of 315 and c.
35
Suppose -24 = -14*y + 4. What is the highest common divisor of y and 2?
2
Suppose 6*u + 5 + 1 = 0. Let g be ((-1)/u - -6) + -2 + -1. Suppose -43 + 3 = -4*s. What is the greatest common divisor of g and s?
2
Suppose 0 = 3*c + 1525 - 481. Let f be (6/33)/1 + c/(-22). What is the highest common divisor of f and 80?
16
Suppose 5*g = 5*h + 21 - 181, 2*g + 130 = 4*h. Suppose 0 = -2*a - 83 + 105. Calculate the highest common divisor of a and h.
11
Let r(x) = -2*x - 2. Let g be r(-11). Suppose z - g = -z. What is the greatest common divisor of 25 and z?
5
Let d(a) = -a**2 - 60*a + 189. Let c be d(-47). What is the greatest common factor of 100 and c?
100
Suppose -65*y + 18275 + 6750 = 0. What is the greatest common divisor of y and 35?
35
Suppose -6981 = -326*g + 287*g. What is the highest common divisor of g and 1?
1
Suppose -55 = -23*b + 12*b. Let u = 19 + 6. Calculate the greatest common factor of b and u.
5
Let w(p) = -2*p**2 - 16*p + 506. Let c be w(12). Calculate the highest common divisor of 14 and c.
2
Let v(f) = 8*f - 5*f + f**2 - 20 + 9*f. Let i be 6/8 - 1 - 1375/100. Let m be v(i). Calculate the greatest common factor of 12 and m.
4
Suppose -2*x + 16 = b, -3*b + 3*x - 30 = -5*b. Suppose g - b*g + 242 = 0. Calculate the highest common divisor of 11 and g.
11
Let s(g) = 2*g + 4. Let a be s(3). Suppose -5*h = -a*h + 120. Let u = 609 + -601. What is the greatest common factor of h and u?
8
Suppose -4*y - 20 = -8*y. Suppose y + 19 = 3*q. Let o be (-3)/(-12) + 54/q. Calculate the highest common factor of 28 and o.
7
Suppose 2*u = 5*r - 191, 0*r - 70 = -2*r + 4*u. Let m = -12 + 13. Suppose q + y - 10 = 2*y, -q + 4*y = -m. What is the highest common factor of r and q?
13
Let y(f) = f**3 + 3*f**2 - 24*f + 4. Let q be y(5). Calculate the greatest common factor of q and 21.
21
Let v = 1085 - 21. What is the highest common divisor of 56 and v?
56
Let k be (8/(-10))/(6/(-60)). Suppose 2*y = -2*y + k. Suppose -53 = 4*s - 117. What is the greatest common factor of y and s?
2
Suppose 13*n - 6 = 10*n. Let v be 18*n - 0 - 1. What is the highest common factor of 5 and v?
5
Let v(c) = c**2 - 6*c + 3. Let l be v(5). Let b be l - ((6 - 3) + -4). Let g be 2*((-1)/b - -2). Calculate the highest common divisor of g and 18.
6
Suppose -3*u + 109 = 4*f, -3*f + 5*u = -38 - 80. What is the highest common divisor of f and 279?
31
Let v(t) = t**2 - 21*t - 32. Let f = 35 - 11. Let g be v(f). Calculate the highest common factor of 100 and g.
20
Let o(b) = 9*b**2 - 8*b - 6. Let m be o(-5). Calculate the greatest common divisor of m and 7.
7
Let k = -5 + 9. What is the greatest common factor of 20 and k?
4
Let c(p) = 17*p**3 - p. Let d be c(1). Suppose -d*g + 52 = -12*g. What is the greatest common divisor of 26 and g?
13
Let v be (-32)/12*-3 + -3. Suppose -316 + 106 = -v*c. Let w be 8/(-12)*-1*c. Calculate the highest common factor of 112 and w.
28
Let h = 0 + 0. Let g be 16 - ((-3 - -2) + h). Let q = 100 + -49. What is the greatest common factor of q and g?
17
Let h(k) = k**3 + 6*k**2 + 3*k - 3. Let b be h(-5). Let l = -15 + b. Let n be (-32)/(-3) - l/24. What is the highest common factor of n and 121?
11
Suppose 4*g = 9*g - 50. Suppose -3*j + g = -j. Suppose j*l - l = 672. What is the greatest common divisor of l and 21?
21
Let f be (-4)/(-4*2)*-6. Let l be (f/(-1) + -32)*-1. Calculate the greatest common divisor of l and 58.
29
Let m(y) = y + 4. Suppose 0 = 3*f + 2*z + 2, -4*f - 12 = -2*z. Let d be m(f). Suppose d + 18 = v. What is the highest common divisor of 4 and v?
4
Let h = -98 - -140. Suppose 0 = -16*j + 8*j + i + 50, 3*j - 10 = -4*i. What is the greatest common divisor of j and h?
6
Let m(u) be the first derivative of -u**3/3 + 10*u**2 - 25*u + 414. Let j = -9 + 27. Let z be m(j). What is the highest common divisor of 44 and z?
11
Let d = 681 - 662. What is the highest common factor of d and 19?
19
Suppose -252 = 153*z - 160*z. Calculate the greatest common factor of z and 16.
4
Suppose 2*p - 5*s = 354, 2*p + 920 = 7*p + 5*s. Let y = p - 61. Calculate the greatest common divisor of 11 and y.
11
Suppose 0 = 8*p - 10*p + 44. What is the greatest common divisor of 22 and p?
22
Let k(w) = -2*w - 5. Let n = 1 - 4. Let h be k(n). Let s be h/(-4) - 61/(-4). What is the highest common factor of s and 6?
3
Suppose 5*l = -5*b, -4*l = -0*b + b. Let i = l - -26. Calculate the highest common factor of i and 78.
26
Suppose -11*b + 3249 = -3912. Calculate the highest common divisor of b and 21.
21
Suppose 4*n - 2*a + 0*a = 138, 2*a = -n + 37. Calculate the greatest common factor of 7 and n.
7
Let w(b) = 5*b**2 - 58*b - 232. Let y be w(-4). What is the greatest common divisor of 15 and y?
5
Let f(j) = 20*j**2 + 16*j - 2. Let t be f(-2). What is the greatest common divisor of t and 23?
23
Let q = -6 - -5. Let t(b) = -7*b. Let m be t(q). Let d = m - -29. Calculate the highest common divisor of d and 24.
12
Let m be (-705)/(-12) - 2/(-8). Calculate the highest common factor of 59 and m.
59
Suppose -j + 18 = 5*l, 32*l - 27*l = j + 22. Suppose 2*u = 4*u. Suppose u = l*n - 20 - 44. Calculate the greatest common divisor of n and 112.
16
Let q(o) = 10*o - 108. Let k be q(12). Calculate the greatest common factor of 66 and k.
6
Let j = -32 + 32. Suppose 4 = -4*b - 4*y, -3*b + 0*y - y + 3 = j. Suppose 0*n = -b*n + 32. Calculate the greatest common divisor of n and 16.
16
Suppose -5*x = -v - 4*v + 45, -4*v + x = -36. Let